 -5 = 2*v - 1, -2*v = u + 6. Let z be -151 - (-2)/(((-2)/1)/u). Let q = z - -271. List the prime factors of q.
2, 61
Suppose -n = 5*o - 202954, -4*n + 3*n + 40598 = o. What are the prime factors of o?
37, 1097
Let g be (-8 - -9) + -5 - (-27 - -1). Suppose -g*h - 167 = -2059. List the prime factors of h.
2, 43
Let v(n) = 16*n - 32. Let m be v(-1). Let s = 1400 + m. List the prime factors of s.
2, 13
Let h(a) = 7*a**2 - 41*a - 693. What are the prime factors of h(-30)?
3, 43, 53
Suppose 0 = -3*h - 5*m - 7, m = -m - 10. Let i = h + -2. Suppose i*y + 17 = 101. List the prime factors of y.
3, 7
Suppose u + 19 = 5*d - 1, -u - 10 = -3*d. Suppose -13*y + 12*y = -u, -2*y = -3*c + 782. List the prime factors of c.
2, 3, 11
Suppose 0 = -38*a + 40*a - 14. Suppose 0 = 3*j - a + 1. Suppose -3*d - j*d + 2*q + 457 = 0, -2*d - 3*q + 198 = 0. List the prime factors of d.
3, 31
Let t(n) = n**2 + 18*n - 91. Let l be t(7). Let f = 0 + 0. Suppose -2*r + l + 22 = f. List the prime factors of r.
53
Let u(z) = 60*z**3 + 26*z**2 - 116*z - 51. List the prime factors of u(5).
73, 103
Suppose -3*k + 7914 = -y, 4*k - 10536 = -38*y + 34*y. Let p = k - 1478. List the prime factors of p.
19, 61
Suppose -12*s = -7*s + 5*c + 10, -2*s + 2*c - 16 = 0. What are the prime factors of (84/(-8))/(s/290)?
3, 7, 29
Let g(j) be the first derivative of j**4 - 2/3*j**3 + 3*j**2 - 10*j - 5. List the prime factors of g(3).
2, 7
Suppose 80547 = 11*n + 7815. What are the prime factors of n?
2, 3, 19, 29
Let l(g) = -76*g - 273. Suppose 0 = 25*p - p + 360. List the prime factors of l(p).
3, 17
Let g = 14042 - 7738. What are the prime factors of g?
2, 197
Suppose 0 = 2*j + g - 29, 2*j - 16 = -3*g + 3. Suppose -k - 2542 = 14*w - j*w, w - 869 = -4*k. What are the prime factors of w?
3, 283
List the prime factors of (90 - 87)/(3/1034 + 0).
2, 11, 47
Let r(t) = 443*t + 724. What are the prime factors of r(42)?
2, 5, 1933
Let l(v) be the second derivative of -v**5/10 + 11*v**4/4 - 4*v**3/3 + 12*v**2 + 47*v. List the prime factors of l(11).
7, 181
Let n be (-8)/2*55/(-44). Suppose -953 + 167 = -3*l. Suppose 0 = -3*o + n*o - l. List the prime factors of o.
131
Let g(i) = i**3 + 92*i**2 + 68*i - 328. List the prime factors of g(-90).
2, 23, 53
What are the prime factors of (15 - -33)/16*1019?
3, 1019
Let o = -366 + 512. Suppose n - 2*g - o = 0, 4*n + g + 236 = 802. What are the prime factors of n?
2, 71
Let c = 491 + -299. Let g = 183 + c. List the prime factors of g.
3, 5
Let w be 105192/34 - ((-140)/34 - -4). Suppose -w = 2*v - 16*v. What are the prime factors of v?
13, 17
List the prime factors of (-518 + 2)*46/(-4).
2, 3, 23, 43
Let z = 3165 - -3066. What are the prime factors of z?
3, 31, 67
Let h = 22 + -10. Suppose a + 27 = j, j - 3*a - h = 9. List the prime factors of j.
2, 3, 5
Suppose 5*g - 32 = 4*f + 9, f - 16 = -4*g. Suppose 2*v = 2*z - 448, z - g*z + 3*v = -897. List the prime factors of z.
3, 5
Let n = -36 - -39. Let a be (45/(-25))/(n/(-5)). List the prime factors of 3534/18 + 1 + (-1)/a.
197
Suppose 3*x - 25 = -2*n, 4*n = -5*x + 7 + 36. Let k(i) = i**3 + 20*i**2 - 38*i - 55. Let h be k(-20). Suppose x*u + 12 = h. List the prime factors of u.
3, 11
Let r = 1502 - 1125. List the prime factors of r.
13, 29
Let w(v) = 1616*v + 3. Let d be w(2). Suppose -5*u = -4*a - d, 5*a - 6*a + 656 = u. Suppose 11*q = 4*q + u. What are the prime factors of q?
3, 31
Let h(u) = 3*u**2 + 31*u + 132. List the prime factors of h(-21).
2, 3, 67
Suppose 5*z + 3*h - 679 = 484, -229 = -z + 3*h. Let q = 376 - 366. Suppose 0 = q*t - 14*t + z. What are the prime factors of t?
2, 29
Suppose 4*a - 2*z = -70, 0 = 5*a - 2*z + 41 + 44. What are the prime factors of (-7257)/a - 3/(-15)?
2, 11
Suppose -4*y - 2*y = 0. Let h(u) = u**2 - u + 5. Let j be h(y). Suppose 178 = l + j*o + 54, 5*o + 74 = l. List the prime factors of l.
3, 11
Suppose -k = 3*t - 3506, 4*k - 4664 = -6*t + 2*t. Suppose 0 = -207*y + 212*y - t. What are the prime factors of y?
2, 3, 13
Suppose 734*t = 543*t + 11440709. List the prime factors of t.
7, 43, 199
Let i be -1*((-6)/3 + 0) + -10. Let u be (-1)/(-2) - 36/i. What are the prime factors of (-1 + u)/(2/33)?
2, 3, 11
Suppose -13*h - 52 - 117 = 0. What are the prime factors of (h + -1946)*(-7)/21?
653
Suppose -722998 = -26*a + 278334 + 50628. What are the prime factors of a?
2, 5, 7, 17
Let s(t) = 86*t**2 - 167*t**2 - 16 + 82*t**2. Let x be s(4). Suppose -2*q = -4*g + 3*q + 509, x = 4*g + q - 479. What are the prime factors of g?
11
Let p(l) = 2*l**3 + 207*l**2 + 106*l - 362. List the prime factors of p(-102).
2, 43, 233
Let m = 3216 - -16632. List the prime factors of m.
2, 3, 827
Let y(w) = w**3 - 4*w**2 - 4*w - 2. Let c be y(5). Let n be 1128/18 + (-2)/c. Let p = -24 + n. List the prime factors of p.
2, 19
Suppose -6*l + 8 = -5*l. Let z be ((-2)/l)/((-5)/40). Suppose -q + 80 = -z. What are the prime factors of q?
2, 41
Suppose 778 - 770 = 2*y. Suppose 0 = y*r + 4*k - 5008, k + 4 = -0*k. What are the prime factors of r?
2, 157
Let b(h) = 589*h**2 - h - 1. Let i be b(1). Let g = i + -273. List the prime factors of g.
2, 157
Suppose -k + 113 + 30 = 0. Suppose 0 = -3*s + b + 82, -5*s - 7*b + 110 = -2*b. Let z = k - s. List the prime factors of z.
3, 13
Let t = 7432 + -4009. Suppose 5*i - 1202 = t. Suppose -i = -5*f - 0*d + 5*d, 0 = 3*d - 15. What are the prime factors of f?
2, 5, 19
Let n(u) = -2*u**3 - u**2 + 1. Let f(p) = -29*p**3 + p**2 + 6*p + 1. Let l(z) = f(z) - 2*n(z). What are the prime factors of l(-3)?
683
Let c = -47238 + 91117. What are the prime factors of c?
11, 3989
Suppose -4*s - j + 28 = 0, -s - 3*j + 7 = -0*s. Suppose 4*d - y = 410, -d + 4*y = -88 - s. What are the prime factors of d?
103
Suppose -9 - 9 = 2*t. What are the prime factors of t/(-15) + 2644/10?
5, 53
Let m = -6585 + 9339. What are the prime factors of m?
2, 3, 17
Suppose -9*v - 11*v = -21729 - 74171. What are the prime factors of v?
5, 7, 137
Suppose m = 4*m. Suppose -3*w - 6 = m, 5*p + 682 = -2*w + 2018. What are the prime factors of (-1)/(4 - 1076/p)?
67
Let r = 39845 - 15882. List the prime factors of r.
31, 773
Let p(v) = -1122 + 1084 - 18*v - 8*v - v**2. Let b be p(-22). Suppose -63 = -y + b. What are the prime factors of y?
113
What are the prime factors of (42 - 46) + (-7)/((-14)/1168)?
2, 5, 29
Suppose 256*b - 258*b = -4858. What are the prime factors of b?
7, 347
Let s = 3168 + -614. Suppose 3*v = 2*g + 1580, 5*v - 3*g - s = 78. What are the prime factors of v?
2, 131
What are the prime factors of (1471/(-4))/(3/(-72)*3)?
2, 1471
Let l(p) = -p**3 - 2*p**2 - 3*p - 3. Let s be l(-1). List the prime factors of (27/18)/(s/(-242)).
3, 11
What are the prime factors of (21419/3)/(2280/(-72) + 32)?
21419
Let u(h) be the third derivative of -h**6/120 + 7*h**5/60 + 7*h**4/24 + 7*h**3/6 + 7*h**2. Let d be u(8). List the prime factors of 1*((-15)/d - 3).
2, 3
Let z be ((-56)/(-6))/((-17)/25959). Let j be (-4)/(-24) - 2/(48/z). Let o = -298 + j. List the prime factors of o.
2, 37
Let s = 140 - 139. Let p be 10/4*(2 + 18/(-15)). What are the prime factors of 3/(s + p) + 107/1?
2, 3
Let y = 53 + -32. Let n = y - -91. Suppose 3*w - n = -w. List the prime factors of w.
2, 7
Let c(g) = 5*g - 8. Let k be c(3). Suppose -k*h = h + 432. List the prime factors of (-6)/(-4)*(-576)/h.
2
Let l = -625 + -1269. Let y = -887 - l. What are the prime factors of y?
19, 53
Suppose -260 = 8*b - 396. Let w(m) = 3*m**2 - 7*m + 5. Let a be w(6). Suppose -v + b = -a. What are the prime factors of v?
2, 11
Let l = 7642 - -549. List the prime factors of l.
8191
What are the prime factors of -16*(-12 + -56 - 11)?
2, 79
What are the prime factors of (21/4 + -4)*5492?
5, 1373
Let l be (3*-35)/(-5) + 3. Suppose -5*z = -9*z + l. List the prime factors of -6 - (-12)/z - (-464)/2.
2, 3, 19
Let g(p) = 933*p - 871. List the prime factors of g(10).
11, 769
Let x = -30 - -38. Suppose -2*d + 8 = x. Suppose 4*z + 85 - 401 = d. What are the prime factors of z?
79
Let l(s) = 3*s**2 - 6*s + 14. Let g be l(3). Let t = 43 - g. Let y = t - -63. List the prime factors of y.
83
Let p(d) = 5*d + 240. Let k be p(-45). Suppose 21*j = -k*j + 28872. List the prime factors of j.
2, 401
Suppose 4*a + 16 = 2*d, a = -2*d + 2*a + 4. Let s be -1 - 1480/(d - -2). Let n = -521 - s. 